(2 - 4)?
0
Let q(o) be the first derivative of 80*o**3/3 + o**2/2 + 2*o + 18. Suppose 5 = 7*g + 12. What is the tens digit of q(g)?
8
Suppose 3*m = -3*f + 8613, -5*f + 3*f = 5*m - 14352. Suppose 16*y - 3*q = 14*y + m, -3*y = -2*q - 4310. What is the thousands digit of y?
1
Let n be (-2)/8*-2*(2 - -408). Suppose 330 = n*m - 203*m. What is the hundreds digit of m?
1
Suppose -1533 = -5*d - x + 1696, 2*x - 1936 = -3*d. What is the hundreds digit of d?
6
Let r = 6577 - 4634. Let b = r + -518. What is the units digit of b?
5
Let v be (-9)/12 + 11/4. Let z be (-4884)/154 + v/(-7). Let r = z - -90. What is the tens digit of r?
5
Suppose 518*h - 519*h + 2*j = -24174, -2*h + 48344 = -3*j. What is the ten thousands digit of h?
2
Let q(c) be the second derivative of -c**5/20 + c**4/2 - c**3/2 - 5*c**2/2 + c. Let z be q(5). What is the units digit of (465/z - 0) + -2?
1
Let j(s) = s**3 - 7*s**2 - 20*s + 23. Let n be j(9). Suppose 0*t = -t - 2*v + 216, 4*t - n*v = 812. What is the units digit of t?
8
Let x(k) = 13*k + 37. Suppose 5*z + 18 = 2*h, -2*h + 82 = 5*z + 24. Let a be x(h). Suppose -3*y + 0*y - 4*t = -a, 0 = -t - 4. What is the units digit of y?
0
Suppose 52*k - 57*k + 95 = 0. Let p = 18 - k. What is the tens digit of 559/7 + p*6/(-42)?
8
Let n(y) = 438*y + 3391. What is the hundreds digit of n(81)?
8
Let i(m) = -m**3 + 5*m**2 - 3*m + 2. Let k be i(3). Suppose -6*p + k = -1. Suppose -5*w + 280 = p*g, 2*g - 5*w = -2*g + 530. What is the hundreds digit of g?
1
Let o = -5221 + 20607. What is the units digit of o?
6
What is the tens digit of (-38)/(-4)*2714 + -6?
7
Let o(u) = -42*u - 251*u - 48*u - 20. What is the tens digit of o(-4)?
4
Let p be ((-14)/4)/7*526. Let n = -48 - p. What is the hundreds digit of n?
2
Let s(a) = 19*a - 82. Let u(i) = -i**2 - 19*i + 82. Let r(o) = -3*s(o) - 2*u(o). What is the tens digit of r(14)?
0
Let q = -35 + 40. Suppose 0 = q*j - 230 - 55. What is the tens digit of j/((-2)/(-2) + 0)?
5
Let o(s) = -24*s + 149. Let f be o(6). Suppose 2*a = -3*k + 203, -k - 111 - 439 = -f*a. What is the tens digit of a?
0
Let h = 789 - -396. Let g = h - 355. What is the tens digit of g?
3
Let b = -188 - -380. Let g = -161 + b. What is the units digit of g?
1
Let s(n) = -n**2 - 11*n + 4. Let a be s(-11). Suppose 5*l + 78 = -4*b, -3*b + 13 = -a*b + 2*l. Let m(f) = f**2 + 18*f + 23. What is the units digit of m(b)?
6
Suppose -181*n + 186*n - 110 = 0. Suppose n*m = 11*m + 374. What is the units digit of m?
4
Suppose -129*i = -58*i - 57*i - 153174. What is the units digit of i?
1
Suppose -b + 2984 = 7*b. Suppose -3*n + 2*n = -b. What is the hundreds digit of n?
3
Suppose -3*o + 540 = -222. Let v = -146 + o. What is the units digit of 24/v - (-25)/9?
3
Let v = -63 - -86. Let a(n) = n**3 - 22*n**2 - 10*n - 43. What is the tens digit of a(v)?
5
Let g = 12 - -9. Suppose 0 = 9*t - g - 15. Suppose 2*q = t*q - 210. What is the hundreds digit of q?
1
Let h(s) = s - 3. Let i be h(8). Suppose i*n + 0*n + 3*g - 5 = 0, 5*n - 40 = 4*g. Let t = 8 - n. What is the units digit of t?
4
Let m(t) = t**3 + 10*t**2 - 10*t + 8. Let d be m(-11). Let n(z) = -2*z + 3. Let g be n(d). Suppose g = -3*v + 39. What is the tens digit of v?
1
Let q(j) be the second derivative of -11*j**3/3 - 13*j**2 - 7*j. What is the hundreds digit of q(-6)?
1
Let a be -12*(-3 - 22/(-4))/(-2). Suppose 273 = d + a. Suppose -m - d = -4*m. What is the tens digit of m?
8
What is the units digit of 2 - 8/3 - -48729*2/9?
8
Suppose -58202 = -13*x + 4822. What is the hundreds digit of x?
8
Suppose 4*m - 180 = 4*g, 3*g - g = m - 49. Let c = 46 - m. Suppose 0*u = c*u - 20, -3*u = 3*y - 177. What is the tens digit of y?
5
What is the units digit of (-96)/240 + ((-14)/(-5))/7 + 12377?
7
Suppose 0 = 5*b - 5*i + 3520, -i = -3*b - 5*i - 2119. Let o = -187 - b. What is the hundreds digit of o?
5
Suppose 0 = 40*r + 8*r - 2692368. Suppose -15555 + r = 36*u. What is the thousands digit of u?
1
Let z be (-80260)/(-22) + 54/(-297). Suppose -38*l - z = -54*l. What is the tens digit of l?
2
Suppose -16*j + 79*j - 892845 = 844065. What is the ten thousands digit of j?
2
Let u be 1*(8456/30 + (-10)/(-75)). Let q be u/(-5) - 6/(-15). What is the tens digit of (q/(-6))/(18/27)?
1
Let n(h) = -1216*h - 8485. What is the ten thousands digit of n(-17)?
1
Suppose 2*m + u - 17629 = 0, -866*m + 26450 = -863*m - 5*u. What is the thousands digit of m?
8
Suppose -59 - 76 = -9*x. Suppose 806 + 139 = x*c. What is the tens digit of c?
6
Let g(a) = 102*a - 5725. What is the thousands digit of g(102)?
4
Suppose 0 = -454*v + 423*v + 96968. What is the thousands digit of v?
3
What is the tens digit of (114/(-4))/(60/(-9120))?
3
Suppose -5192 = -2*t + 2*n + 3370, 5*t - 21399 = 2*n. What is the thousands digit of t?
4
Suppose -12 = 12*a - 18*a. Suppose 462 = 2*j + a*g, -5*g = j - 0*j - 227. What is the hundreds digit of j?
2
Let s(p) = -p**3 - 18*p**2 + 15*p + 23. Let j be ((12/(-18))/(-1))/((-2)/(-15)). Suppose j*v = -84 - 11. What is the tens digit of s(v)?
9
Suppose -4*f = -65 + 37. What is the hundreds digit of 264 - (16/f + (-30)/105)?
2
Suppose 0 = 5*w - 1186 + 346. Let d be (-2 + -1 - (-12 - -14)) + 5. Suppose -8*x + 4*x + w = d. What is the units digit of x?
2
Let q be (-3)/(-18) + (-435)/(-90). Suppose -28*k + 6785 = -q*k. What is the hundreds digit of k?
2
Let b = -75 - -79. Let i be (-1026)/(-9) - 2/b*4. Suppose 4*o - 154 = -3*n + 125, 2*o - i = 4*n. What is the tens digit of o?
6
What is the tens digit of (9/(-27))/((-13)/802074)?
6
Let m(x) = 67*x - 6. Let u be (-4)/(-10) - ((-132)/(-5))/6. Let q be m(u). Let c = 412 + q. What is the units digit of c?
8
Let c = 1733 + 3027. Suppose -8*j = -0*j - c. What is the hundreds digit of j?
5
Let f(m) = -24*m + 0 - 2 - 23*m. Let p be f(-8). Suppose -47 = -2*y + 4*z + 125, 5*y - p = -4*z. What is the units digit of y?
8
Let p be (1 + (-363)/12)/((-3)/12). Let c = p + -52. Let j = c + -51. What is the units digit of j?
4
Let x(u) = 3*u**3 + u**2 - 6*u - 1. Let t = -403 - -406. What is the tens digit of x(t)?
7
Let k(b) = -336*b - 155. What is the units digit of k(-155)?
5
Let q(v) = -1556*v**2 - 6*v + 1. Let m be q(-4). What is the tens digit of m/(-49) + 9/21?
0
Suppose 2*m = 3*p + 28739, -128*p = -5*m - 125*p + 71834. What is the thousands digit of m?
4
Let c = 102 + -64. Let j(o) = o**3 - 38*o**2 + 7*o - 57. What is the units digit of j(c)?
9
Let o = 80 - 76. Suppose -o*c + 37 = -11. What is the units digit of 3*c*80/18?
0
What is the thousands digit of (73577/69 + 20)/((-2)/(-42))?
2
Suppose 16*m + 3*m - 1672 = 0. Let v = 12 + -37. Let z = v + m. What is the units digit of z?
3
Let r(u) be the second derivative of u**4/12 - 19*u**3/6 - 23*u**2/2 + 2*u. Let z be r(16). Let h = -18 - z. What is the tens digit of h?
5
Let n be (-1 + 9)*(-19 + 21). Suppose 88 = k - n. Let r = -31 + k. What is the tens digit of r?
7
Let h = -125 + 129. Suppose -2*l = -h*a - 6 - 14, -2*l + 2*a + 16 = 0. What is the units digit of l?
6
Suppose -158*a = -160*a + 38. Let d(b) = -5*b. Let l be d(2). Let v = a + l. What is the units digit of v?
9
Suppose 4*f = -8, -174 = -5*p - f + 84. Suppose p*n - 55*n + 423 = 0. What is the units digit of n?
1
Let f be (4081 + 3/3)/2. Suppose -7*n = -f - 1522. What is the tens digit of n?
0
Suppose -4*q + 45052 = -u - 221714, u - 200071 = -3*q. What is the tens digit of q?
9
Let l(f) = 1840*f**2 - 45*f - 165. What is the thousands digit of l(6)?
5
Suppose -13*n = 14*n + 14*n - 64534. What is the units digit of n?
4
Suppose 378*c = 384*c - 45054. What is the units digit of c?
9
Let j(b) = b. Let u be j(5). Suppose -265 = -c + m, 10 = -m + u. What is the units digit of c?
0
Suppose -18800 = -4*y - 4*o, -2*o = -2*y + 2312 + 7064. What is the units digit of y?
4
Let y = 323 - 279. What is the units digit of (2 - (2 - -279))*(-45 + y)?
9
Let k(v) be the first derivative of -3*v**2/2 + 31*v - 261. What is the tens digit of k(4)?
1
Let w(t) = -5*t - 13. Let r = -25 + 17. Let h be w(r). Suppose h*x = 34*x - 1484. What is the hundreds digit of x?
2
Let t = -73 + 14. What is the units digit of (65 + -31)/(2 - (-116)/t)?
3
Suppose -35 = -11*d + 7*d + b, -4*d = 4*b - 20. What is the tens digit of d - -306*(3 + -1)?
2
What is the units digit of 7737579/189 + (-3)/(-7) + 0/1?
0
Let 